site?
False
Is 3281 composite?
True
Is 219169 composite?
False
Is 161 prime?
False
Is 145569 prime?
False
Is 479599 composite?
False
Is 22469 prime?
True
Is 20129 prime?
True
Is 13811 composite?
True
Is 12601 a prime number?
True
Is 5039 a composite number?
False
Is 8059 a composite number?
False
Is 1087 a composite number?
False
Is 5191 composite?
True
Is 149 composite?
False
Is 9733 a composite number?
False
Is 13885 composite?
True
Is 713839 a composite number?
True
Is 25582 composite?
True
Is 31587 a prime number?
False
Is 18973 a prime number?
True
Is 74603 a composite number?
True
Is 1817 a prime number?
False
Is 6893 a prime number?
False
Is 609821 a prime number?
True
Is 18931 a prime number?
False
Is 44483 prime?
True
Is 173767 a composite number?
True
Is 60058 a prime number?
False
Is 44951 composite?
True
Is 36913 a prime number?
True
Is 119543 prime?
False
Is 73847 a prime number?
True
Is 134471 a composite number?
False
Is 66749 a composite number?
False
Is 27899 prime?
False
Is 36779 a composite number?
False
Is 390527 composite?
False
Is 865577 a composite number?
False
Is 12797 a composite number?
True
Is 63949 a composite number?
False
Is 192959 a prime number?
False
Is 8497 prime?
False
Is 227609 a composite number?
False
Is 20021 a prime number?
True
Is 64831 prime?
False
Is 85479 a composite number?
True
Is 204513 a prime number?
False
Is 416669 prime?
False
Is 753 a composite number?
True
Is 69307 a composite number?
True
Is 6835 a prime number?
False
Is 982021 composite?
False
Is 1740119 prime?
True
Is 1296721 a composite number?
False
Is 196531 composite?
True
Is 1261 a prime number?
False
Is 1750343 composite?
True
Is 9073 a prime number?
False
Is 2477819 composite?
True
Is 127537 a prime number?
False
Is 593345 a composite number?
True
Is 4555 a composite number?
True
Is 4499 prime?
False
Is 323863 prime?
False
Is 1120831 a composite number?
False
Is 12473 a prime number?
True
Is 23713 prime?
False
Is 10519 a prime number?
False
Is 2861 prime?
True
Is 6007 composite?
False
Is 1377347 a composite number?
False
Is 100227 composite?
True
Is 146957 a composite number?
True
Is 32105 prime?
False
Is 32407 prime?
False
Is 23507 a prime number?
False
Is 66359 a composite number?
False
Is 4143 a composite number?
True
Is 311503 prime?
False
Is 103099 prime?
True
Is 254119 a prime number?
True
Is 365061 prime?
False
Is 16859 a prime number?
False
Is 2999 a prime number?
True
Is 417343 a composite number?
True
Is 14401 a composite number?
False
Is 11651 a prime number?
False
Is 29083 prime?
False
Is 10762 composite?
True
Is 405401 composite?
False
Is 47189 prime?
True
Is 41011 a prime number?
True
Is 244859 composite?
False
Is 495629 prime?
True
Is 10817 a prime number?
False
Is 11959 composite?
False
Is 4511 composite?
True
Is 2813 a composite number?
True
Is 10499 prime?
True
Is 5581 prime?
True
Is 143137 prime?
True
Is 6476917 a composite number?
False
Is 3545 prime?
False
Is 1453643 prime?
True
Is 16309 composite?
True
Is 50363 composite?
False
Is 1235977 composite?
False
Is 5147 composite?
False
Is 186541 composite?
True
Is 4541 a composite number?
True
Is 16771 composite?
True
Is 18347 prime?
False
Is 187787 prime?
True
Is 21446 a prime number?
False
Is 163061 a prime number?
True
Is 8609 composite?
False
Is 10195 a composite number?
True
Is 26141 a composite number?
False
Is 2049 prime?
False
Is 3281 a composite number?
True
Is 1386301 prime?
False
Is 111893 prime?
True
Is 103319 a prime number?
True
Is 50557 composite?
True
Is 18013 a prime number?
True
Is 623477 a prime number?
True
Is 63695 a prime number?
False
Is 2605579 prime?
True
Is 208441 a prime number?
True
Is 157721 a composite number?
False
Is 15217 prime?
True
Is 102379 a prime number?
False
Is 7618849 a prime number?
False
Is 238589 a composite number?
True
Is 33311 prime?
True
Is 149 composite?
False
Is 260257 composite?
True
Is 1374257 composite?
False
Is 203807 prime?
True
Is 55565 prime?
False
Is 74149 composite?
False
Is 49583 composite?
True
Is 49157 composite?
False
Is 298261 composite?
False
Is 2981551 a prime number?
True
Is 943 prime?
False
Is 9407 composite?
True
Is 122062 a composite number?
True
Is 22141 composite?
True
Is 902381 a prime number?
False
Is 67477 composite?
False
Is 7715 prime?
False
Is 13093 prime?
True
Is 1043013 a composite number?
True
Is 21763 prime?
False
Is 617387 a prime number?
True
Is 142469 a prime number?
True
Is 1329 a prime number?
False
Is 108821 composite?
False
Is 2591 composite?
False
Is 732181 a composite number?
False
Is 90547 a prime number?
True
Is 21865 composite?
True
Is 78101 a composite number?
False
Is 7842541 a composite number?
True
Is 177999 a composite number?
True
Is 1297 a composite number?
False
Is 7177 a composite number?
False
Is 86847 prime?
False
Is 10243 composite?
False
Is 215 a prime number?
False
Is 915479 prime?
True
Is 20891 prime?
False
Is 1983 a composite number?
True
Is 205393 composite?
True
Is 4685 composite?
True
Is 14165 a composite number?
True
Is 6743 composite?
True
Is 6521 a composite number?
False
Is 554467 a prime number?
True
Is 803879 composite?
True
Is 3821 composite?
False
Is 170207 prime?
True
Is 770437 composite?
False
Is 58763 a composite number?
False
Is 20953297 a composite number?
False
Is 493939 composite?
False
Is 41411 a composite number?
False
Is 10559 a prime number?
True
Is 16183 a prime number?
True
Is 273549 a prime number?
False
Is 171979 composite?
True
Is 643103 composite?
True
Is 46733 prime?
False
Is 137963 a prime number?
False
Is 9091 a composite number?
False
Is 323129 prime?
False
Is 175103 a composite number?
False
Is 57149 prime?
True
Is 34739 a prime number?
True
Is 322549 a composite number?
False
Is 1319 a prime number?
True
Is 1088647 prime?
False
Is 32687 composite?
False
Is 295567 a prime number?
True
Is 196111 composite?
False
Is 45557 prime?
True
Is 10033 composite?
True
Is 51521 a composite number?
False
Is 794777 composite?
True
Is 1085611 a composite number?
False
Is 63647 a prime number?
True
Is 11927 a prime number?
True
Is 265649 a composite number?
True
Is 755159 a prime number?
False
Is 5221 a composite number?
True
Is 36739 a composite number?
False
Is 5939 a composite number?
False
Is 20599 a composite number?
False
Is 230431 a prime number?
True
Is 1762043 a prime number?
False
Is 992771 composite?
True
Is 41333 prime?
True
Is 14263 composite?
True
Is 668455 prime?
False
Is 35729 composite?
False
Is 869473 composite?
True
Is 102659 a prime number?
False
Is 1607747 prime?
True
Is 22177 prime?
False
Is 34019 prime?
True
Is 3403 prime?
False
Is 478597 prime?
False
Is 316271 prime?
True
Is 15493 composite?
False
Is 15243 a composite number?
True
Is 17558 a composite number?
True
Is 3251 a prime number?
True
Is 154543 a prime number?
True
Is 207059 a composite number?
True
Is 15063 composite?
True
Is 793591 composite?
False
Is 46679 a prime number?
True
Is 3645695 a composite number?
True
Is 14117 composite?
True
Is 2129 prime?
True
Is 196111 a composite number?
False
Is 223781 prime?
True
Is 5623 prime?
True
Is 68957 composite?
True
Is 31471 a prime number?
False
Is 120149 a prime number?
False
Is 6247 a composite number?
False
Is 16271 composite?
True
Is 871307 a composite number?
True
Is 117427 a prime number?
True
Is 449 a prime number?
True
Is 51749 a composite number?
False
Is 15037 a prime number?
False
Is 753127 a prime number?
True
Is 907 a prime number?
True
Is 8653 prime?
False
Is 396211 prime?
False
Is 2939 composite?
False
Is 153247 composite?
False
Is 31483 prime?
False
Is 6843 composite?
True
Is 53047 a prime number?
True
Is 180197 a prime number?
False
Is 131891 a prime number?
True
Is 17011 composite?
False
Is 68633 prime?
True
Is 260569 composite?
False
Is 147505 a prime number?
False
Is 398 composite?
True
Is 24943 a composite number?
False
Is 1712941 a composite number?
True
Is 239383 a prime number?
True
Is 372473 composite?
False
Is 95451 prime?
False
Is 28789 a composite number?
False
Is 33149 a prime number?
True
Is 10717 a composite number?
True
Is 2203 a prime number?
True
Is 55799 a composite number?
False
Is 2563 composite?
True
Is 17023 a prime number?
False
Is 397949 prime?
False
Is 36469 a composit